ivided by 1104.
1100
What is the remainder when 81988986 is divided by 116960?
26
What is the remainder when 1290555 is divided by 430113?
216
Calculate the remainder when 245759 is divided by 463.
369
What is the remainder when 22473 is divided by 21954?
519
What is the remainder when 195729 is divided by 1388?
21
What is the remainder when 145973245 is divided by 4096?
4093
Calculate the remainder when 1861999 is divided by 4235.
2834
Calculate the remainder when 13194 is divided by 6274.
646
What is the remainder when 431087 is divided by 431046?
41
Calculate the remainder when 49626 is divided by 49056.
570
What is the remainder when 3986036 is divided by 2833?
5
What is the remainder when 943050 is divided by 35866?
10534
Calculate the remainder when 1205019 is divided by 1901.
1686
What is the remainder when 133264347 is divided by 90?
87
What is the remainder when 619493 is divided by 206385?
338
Calculate the remainder when 6729085 is divided by 49117.
56
Calculate the remainder when 2005130 is divided by 221.
218
What is the remainder when 478208 is divided by 246?
230
Calculate the remainder when 8729 is divided by 4120.
489
What is the remainder when 1772687 is divided by 31?
14
Calculate the remainder when 163166 is divided by 960.
926
What is the remainder when 6458 is divided by 303?
95
Calculate the remainder when 7104956 is divided by 145.
101
What is the remainder when 173730745 is divided by 66?
1
What is the remainder when 343190 is divided by 165?
155
Calculate the remainder when 1487197 is divided by 1897.
1846
Calculate the remainder when 193729 is divided by 96774.
181
Calculate the remainder when 347675212 is divided by 28.
24
What is the remainder when 35490145 is divided by 581805?
40
Calculate the remainder when 14018 is divided by 474.
272
Calculate the remainder when 29962 is divided by 1231.
418
What is the remainder when 20619 is divided by 287?
242
What is the remainder when 110942 is divided by 8239?
3835
What is the remainder when 955513 is divided by 238554?
1297
Calculate the remainder when 561771 is divided by 18716.
291
What is the remainder when 525820062 is divided by 238?
236
Calculate the remainder when 62595 is divided by 2878.
2157
Calculate the remainder when 559571 is divided by 1736.
579
What is the remainder when 28197525 is divided by 8798?
8733
Calculate the remainder when 1056774 is divided by 11006.
198
What is the remainder when 774002 is divided by 77311?
892
Calculate the remainder when 205954 is divided by 204987.
967
Calculate the remainder when 66936403 is divided by 41.
8
What is the remainder when 2171242 is divided by 361869?
28
Calculate the remainder when 270891910 is divided by 6317.
6316
Calculate the remainder when 4333763 is divided by 818.
817
What is the remainder when 2618061 is divided by 4786?
119
Calculate the remainder when 765920 is divided by 16296.
8
Calculate the remainder when 18392516 is divided by 8106.
2
Calculate the remainder when 147095402 is divided by 265.
262
What is the remainder when 3917655 is divided by 42?
21
What is the remainder when 54282 is divided by 1520?
1082
What is the remainder when 31366856 is divided by 454?
450
What is the remainder when 5338150 is divided by 787?
716
Calculate the remainder when 870721 is divided by 217541.
557
What is the remainder when 3365287 is divided by 373919?
16
What is the remainder when 13016991 is divided by 781?
64
What is the remainder when 195821 is divided by 1830?
11
What is the remainder when 2322246 is divided by 4527?
4422
Calculate the remainder when 294402 is divided by 192.
66
What is the remainder when 814583 is divided by 764?
159
Calculate the remainder when 9089988 is divided by 363599.
13
Calculate the remainder when 19175297 is divided by 421.
10
Calculate the remainder when 196461 is divided by 196460.
1
What is the remainder when 1616843 is divided by 37601?
0
What is the remainder when 191975417 is divided by 674?
671
What is the remainder when 790765 is divided by 439?
126
Calculate the remainder when 1578889433 is divided by 76.
73
What is the remainder when 19334347 is divided by 41?
18
Calculate the remainder when 88993930 is divided by 821.
814
Calculate the remainder when 83888 is divided by 536.
272
What is the remainder when 52357 is divided by 1938?
31
Calculate the remainder when 3690019 is divided by 245999.
34
What is the remainder when 1908966 is divided by 222?
210
Calculate the remainder when 94543922 is divided by 525244.
2
What is the remainder when 287545629 is divided by 92?
89
Calculate the remainder when 25707434 is divided by 288847.
51
Calculate the remainder when 265066 is divided by 2325.
16
Calculate the remainder when 54141 is divided by 696.
549
What is the remainder when 24741 is divided by 2402?
721
Calculate the remainder when 2253537 is divided by 1126604.
329
Calculate the remainder when 1850354 is divided by 65.
64
What is the remainder when 4803 is divided by 157?
93
What is the remainder when 61051 is divided by 61043?
8
What is the remainder when 841897917 is divided by 12?
9
Calculate the remainder when 835629 is divided by 665.
389
Calculate the remainder when 274567 is divided by 3.
1
What is the remainder when 4392895 is divided by 300?
295
Calculate the remainder when 101670 is divided by 21.
9
What is the remainder when 161102 is divided by 1365?
32
What is the remainder when 1521475 is divided by 210?
25
What is the remainder when 8272 is divided by 4532?
3740
What is the remainder when 1797064 is divided by 598920?
304
Calculate the remainder when 53662 is divided by 2974.
130
Calculate the remainder when 3615576 is divided by 463.
9
Calculate the remainder when 18404768 is divided by 332.
16
Calculate the remainder when 1137162 is divided by 433.
104
What is the remainder when 643608 is divided by 45962?
140
Calculate the remainder when 7788817 is divided by 106696.
9
Calculate the remainder when 18853 is divided by 3983.
2921
What is the remainder when 3855676 is divided by 87628?
44
What is the remainder when 52063757 is divided by 244?
13
What is the remainder when 4134725 is divided by 23099?
4
Calculate the remainder when 127006 is divided by 852.
58
Calculate the remainder when 269731978 is divided by 2394.
2392
What is the remainder when 4539353 is divided by 15284?
5
What is the remainder when 225546 is divided by 1623?
1572
What is the remainder when 4715454 is divided by 77?
51
Calculate the remainder when 77958 is divided by 38918.
122
Calculate the remainder when 92159 is divided by 18151.
1404
What is the remainder when 749091 is divided by 374544?
3
What is the remainder when 788599 is divided by 157609?
554
What is the remainder when 553023826 is divided by 1491?
1489
Calculate the remainder when 3971556 is divided by 39715.
56
Calculate the remainder when 1586521 is divided by 528826.
43
What is the remainder when 3977585 is divided by 8938?
175
Calculate the remainder when 177500 is divided by 88730.
40
What is the remainder when 42590582 is divided by 734320?
22
What is the remainder when 461109 is divided by 3604?
3401
What is the remainder when 3548634 is divided by 1773935?
764
Calculate the remainder when 5526449 is divided by 30.
29
Calculate the remainder when 337013 is divided by 9354.
269
What is the remainder when 24464357 is divided by 124?
25
What is the remainder when 5323535 is divided by 435?
5
Calculate the remainder when 11062837 is divided by 40.
37
What is the remainder when 8276029 is divided by 6190?
6189
Calculate the remainder when 71108 is divided by 35319.
470
What is the remainder when 35876802 is divided by 3203?
3202
What is the remainder when 60468370 is divided by 41?
12
What is the remainder when 389070 is divided by 706?
64
Calculate the remainder when 2202281 is divided by 1032.
1025
What is the remainder when 15786 is divided by 1089?
540
What is the remainder when 33955018 is divided by 3630?
3628
Calculate the remainder when 4694920 is divided by 5120.
5000
What is the remainder when 924032 is divided by 923985?
47
Calculate the remainder when 476975 is divided by 27725.
5650
Calculate the remainder when 4086182 is divided by 240361.
45
What is the remainder when 504317 is divided by 316?
